{"id":328,"date":"2015-01-05T15:32:37","date_gmt":"2015-01-05T15:32:37","guid":{"rendered":"http:\/\/alfredogarcia.com\/english\/wp-content\/uploads\/sites\/5\/2015\/01\/8-L.V.Beethoven-The-pulse-of-an-Irishman-Alfredo-Garc\u00eda-bar\u00edtono-Tr\u00edo-Hermeneia.mp3"},"modified":"2015-08-27T13:10:03","modified_gmt":"2015-08-27T13:10:03","slug":"l-v-beethoven-the-pulse-of-an-irishman","status":"inherit","type":"attachment","link":"https:\/\/alfredogarcia.com\/english\/interviews\/l-v-beethoven-the-pulse-of-an-irishman\/","title":{"rendered":"L.V.Beethoven &#8211; The pulse of an Irishman"},"author":1,"comment_status":"open","ping_status":"open","template":"","meta":{"_et_pb_use_builder":"","_et_pb_old_content":"","_et_gb_content_width":"","_mi_skip_tracking":false,"_links_to":"","_links_to_target":""},"yoast_head":"<!-- This site is optimized with the Yoast SEO plugin v20.3 - https:\/\/yoast.com\/wordpress\/plugins\/seo\/ -->\n<title>L.V.Beethoven - The pulse of an Irishman - Alfredo Garc\u00eda<\/title>\n<meta name=\"robots\" content=\"index, follow, max-snippet:-1, max-image-preview:large, max-video-preview:-1\" \/>\n<link rel=\"canonical\" href=\"https:\/\/alfredogarcia.com\/english\/wp-content\/uploads\/sites\/5\/2015\/01\/8-L.V.Beethoven-The-pulse-of-an-Irishman-Alfredo-Garc\u00eda-bar\u00edtono-Tr\u00edo-Hermeneia.mp3\" \/>\n<meta property=\"og:locale\" content=\"en_US\" \/>\n<meta property=\"og:type\" content=\"article\" \/>\n<meta property=\"og:title\" content=\"L.V.Beethoven - The pulse of an Irishman - Alfredo Garc\u00eda\" \/>\n<meta property=\"og:description\" content=\"https:\/\/alfredogarcia.com\/english\/wp-content\/uploads\/sites\/5\/2015\/01\/8-L.V.Beethoven-The-pulse-of-an-Irishman-Alfredo-Garc\u00eda-bar\u00edtono-Tr\u00edo-Hermeneia.mp3 &#8220;L.V.Beethoven &#8211; The pulse of an Irishman&#8221; de L.V.Beethoven &#8211; The pulse of an Irishman por Alfredo Garc\u00eda baritone and Tr\u00edo Hermeneia.\" \/>\n<meta property=\"og:url\" content=\"https:\/\/alfredogarcia.com\/english\/wp-content\/uploads\/sites\/5\/2015\/01\/8-L.V.Beethoven-The-pulse-of-an-Irishman-Alfredo-Garc\u00eda-bar\u00edtono-Tr\u00edo-Hermeneia.mp3\" \/>\n<meta property=\"og:site_name\" content=\"Alfredo Garc\u00eda\" \/>\n<meta property=\"article:modified_time\" content=\"2015-08-27T13:10:03+00:00\" \/>\n<meta name=\"twitter:card\" content=\"summary_large_image\" \/>\n<script type=\"application\/ld+json\" class=\"yoast-schema-graph\">{\"@context\":\"https:\/\/schema.org\",\"@graph\":[{\"@type\":\"WebPage\",\"@id\":\"https:\/\/alfredogarcia.com\/english\/wp-content\/uploads\/sites\/5\/2015\/01\/8-L.V.Beethoven-The-pulse-of-an-Irishman-Alfredo-Garc\u00eda-bar\u00edtono-Tr\u00edo-Hermeneia.mp3\",\"url\":\"https:\/\/alfredogarcia.com\/english\/wp-content\/uploads\/sites\/5\/2015\/01\/8-L.V.Beethoven-The-pulse-of-an-Irishman-Alfredo-Garc\u00eda-bar\u00edtono-Tr\u00edo-Hermeneia.mp3\",\"name\":\"L.V.Beethoven - The pulse of an Irishman - Alfredo Garc\u00eda\",\"isPartOf\":{\"@id\":\"https:\/\/alfredogarcia.com\/english\/#website\"},\"datePublished\":\"2015-01-05T15:32:37+00:00\",\"dateModified\":\"2015-08-27T13:10:03+00:00\",\"breadcrumb\":{\"@id\":\"https:\/\/alfredogarcia.com\/english\/wp-content\/uploads\/sites\/5\/2015\/01\/8-L.V.Beethoven-The-pulse-of-an-Irishman-Alfredo-Garc\u00eda-bar\u00edtono-Tr\u00edo-Hermeneia.mp3#breadcrumb\"},\"inLanguage\":\"en-US\",\"potentialAction\":[{\"@type\":\"ReadAction\",\"target\":[\"https:\/\/alfredogarcia.com\/english\/wp-content\/uploads\/sites\/5\/2015\/01\/8-L.V.Beethoven-The-pulse-of-an-Irishman-Alfredo-Garc\u00eda-bar\u00edtono-Tr\u00edo-Hermeneia.mp3\"]}]},{\"@type\":\"BreadcrumbList\",\"@id\":\"https:\/\/alfredogarcia.com\/english\/wp-content\/uploads\/sites\/5\/2015\/01\/8-L.V.Beethoven-The-pulse-of-an-Irishman-Alfredo-Garc\u00eda-bar\u00edtono-Tr\u00edo-Hermeneia.mp3#breadcrumb\",\"itemListElement\":[{\"@type\":\"ListItem\",\"position\":1,\"name\":\"Portada\",\"item\":\"https:\/\/alfredogarcia.com\/english\/\"},{\"@type\":\"ListItem\",\"position\":2,\"name\":\"Interviews\",\"item\":\"https:\/\/alfredogarcia.com\/english\/interviews\/\"},{\"@type\":\"ListItem\",\"position\":3,\"name\":\"L.V.Beethoven &#8211; The pulse of an Irishman\"}]},{\"@type\":\"WebSite\",\"@id\":\"https:\/\/alfredogarcia.com\/english\/#website\",\"url\":\"https:\/\/alfredogarcia.com\/english\/\",\"name\":\"Alfredo Garc\u00eda\",\"description\":\"Bar\u00edtone\",\"potentialAction\":[{\"@type\":\"SearchAction\",\"target\":{\"@type\":\"EntryPoint\",\"urlTemplate\":\"https:\/\/alfredogarcia.com\/english\/?s={search_term_string}\"},\"query-input\":\"required name=search_term_string\"}],\"inLanguage\":\"en-US\"}]}<\/script>\n<!-- \/ Yoast SEO plugin. -->","yoast_head_json":{"title":"L.V.Beethoven - The pulse of an Irishman - Alfredo Garc\u00eda","robots":{"index":"index","follow":"follow","max-snippet":"max-snippet:-1","max-image-preview":"max-image-preview:large","max-video-preview":"max-video-preview:-1"},"canonical":"https:\/\/alfredogarcia.com\/english\/wp-content\/uploads\/sites\/5\/2015\/01\/8-L.V.Beethoven-The-pulse-of-an-Irishman-Alfredo-Garc\u00eda-bar\u00edtono-Tr\u00edo-Hermeneia.mp3","og_locale":"en_US","og_type":"article","og_title":"L.V.Beethoven - The pulse of an Irishman - Alfredo Garc\u00eda","og_description":"https:\/\/alfredogarcia.com\/english\/wp-content\/uploads\/sites\/5\/2015\/01\/8-L.V.Beethoven-The-pulse-of-an-Irishman-Alfredo-Garc\u00eda-bar\u00edtono-Tr\u00edo-Hermeneia.mp3 &#8220;L.V.Beethoven &#8211; The pulse of an Irishman&#8221; de L.V.Beethoven &#8211; The pulse of an Irishman por Alfredo Garc\u00eda baritone and Tr\u00edo Hermeneia.","og_url":"https:\/\/alfredogarcia.com\/english\/wp-content\/uploads\/sites\/5\/2015\/01\/8-L.V.Beethoven-The-pulse-of-an-Irishman-Alfredo-Garc\u00eda-bar\u00edtono-Tr\u00edo-Hermeneia.mp3","og_site_name":"Alfredo Garc\u00eda","article_modified_time":"2015-08-27T13:10:03+00:00","twitter_card":"summary_large_image","schema":{"@context":"https:\/\/schema.org","@graph":[{"@type":"WebPage","@id":"https:\/\/alfredogarcia.com\/english\/wp-content\/uploads\/sites\/5\/2015\/01\/8-L.V.Beethoven-The-pulse-of-an-Irishman-Alfredo-Garc\u00eda-bar\u00edtono-Tr\u00edo-Hermeneia.mp3","url":"https:\/\/alfredogarcia.com\/english\/wp-content\/uploads\/sites\/5\/2015\/01\/8-L.V.Beethoven-The-pulse-of-an-Irishman-Alfredo-Garc\u00eda-bar\u00edtono-Tr\u00edo-Hermeneia.mp3","name":"L.V.Beethoven - The pulse of an Irishman - Alfredo Garc\u00eda","isPartOf":{"@id":"https:\/\/alfredogarcia.com\/english\/#website"},"datePublished":"2015-01-05T15:32:37+00:00","dateModified":"2015-08-27T13:10:03+00:00","breadcrumb":{"@id":"https:\/\/alfredogarcia.com\/english\/wp-content\/uploads\/sites\/5\/2015\/01\/8-L.V.Beethoven-The-pulse-of-an-Irishman-Alfredo-Garc\u00eda-bar\u00edtono-Tr\u00edo-Hermeneia.mp3#breadcrumb"},"inLanguage":"en-US","potentialAction":[{"@type":"ReadAction","target":["https:\/\/alfredogarcia.com\/english\/wp-content\/uploads\/sites\/5\/2015\/01\/8-L.V.Beethoven-The-pulse-of-an-Irishman-Alfredo-Garc\u00eda-bar\u00edtono-Tr\u00edo-Hermeneia.mp3"]}]},{"@type":"BreadcrumbList","@id":"https:\/\/alfredogarcia.com\/english\/wp-content\/uploads\/sites\/5\/2015\/01\/8-L.V.Beethoven-The-pulse-of-an-Irishman-Alfredo-Garc\u00eda-bar\u00edtono-Tr\u00edo-Hermeneia.mp3#breadcrumb","itemListElement":[{"@type":"ListItem","position":1,"name":"Portada","item":"https:\/\/alfredogarcia.com\/english\/"},{"@type":"ListItem","position":2,"name":"Interviews","item":"https:\/\/alfredogarcia.com\/english\/interviews\/"},{"@type":"ListItem","position":3,"name":"L.V.Beethoven &#8211; The pulse of an Irishman"}]},{"@type":"WebSite","@id":"https:\/\/alfredogarcia.com\/english\/#website","url":"https:\/\/alfredogarcia.com\/english\/","name":"Alfredo Garc\u00eda","description":"Bar\u00edtone","potentialAction":[{"@type":"SearchAction","target":{"@type":"EntryPoint","urlTemplate":"https:\/\/alfredogarcia.com\/english\/?s={search_term_string}"},"query-input":"required name=search_term_string"}],"inLanguage":"en-US"}]}},"description":{"rendered":"<audio class=\"wp-audio-shortcode\" id=\"audio-328-2\" preload=\"none\" style=\"width: 100%;\" controls=\"controls\"><source type=\"audio\/mpeg\" src=\"https:\/\/alfredogarcia.com\/english\/wp-content\/uploads\/sites\/5\/2015\/01\/8-L.V.Beethoven-The-pulse-of-an-Irishman-Alfredo-Garc\u00eda-bar\u00edtono-Tr\u00edo-Hermeneia.mp3?_=2\" \/><a href=\"https:\/\/alfredogarcia.com\/english\/wp-content\/uploads\/sites\/5\/2015\/01\/8-L.V.Beethoven-The-pulse-of-an-Irishman-Alfredo-Garc\u00eda-bar\u00edtono-Tr\u00edo-Hermeneia.mp3\">https:\/\/alfredogarcia.com\/english\/wp-content\/uploads\/sites\/5\/2015\/01\/8-L.V.Beethoven-The-pulse-of-an-Irishman-Alfredo-Garc\u00eda-bar\u00edtono-Tr\u00edo-Hermeneia.mp3<\/a><\/audio>\n<p>&#8220;L.V.Beethoven &#8211; The pulse of an Irishman&#8221; de L.V.Beethoven &#8211; The pulse of an Irishman por Alfredo Garc\u00eda baritone and Tr\u00edo Hermeneia.<\/p>\n"},"caption":{"rendered":"<p>https:\/\/alfredogarcia.com\/english\/wp-content\/uploads\/sites\/5\/2015\/01\/8-L.V.Beethoven-The-pulse-of-an-Irishman-Alfredo-Garc\u00eda-bar\u00edtono-Tr\u00edo-Hermeneia.mp3 &#8220;L.V.Beethoven &#8211; The pulse of an Irishman&#8221; de L.V.Beethoven &#8211; The pulse of an Irishman por Alfredo Garc\u00eda baritone and Tr\u00edo Hermeneia.<\/p>\n"},"alt_text":"","media_type":"file","mime_type":"audio\/mpeg","media_details":{"dataformat":"mp3","channels":2,"sample_rate":44100,"bitrate":146655.76923076922,"codec":"Fraunhofer","channelmode":"stereo","bitrate_mode":"vbr","lossless":false,"encoder_options":"VBR q100","compression_ratio":0.10392273896738181,"fileformat":"mp3","filesize":2745735,"mime_type":"audio\/mpeg","length":150,"length_formatted":"2:30","title":"L.V.Beethoven - The pulse of an Irishman","artist":"Alfredo Garc\u00eda baritone and Tr\u00edo Hermeneia","album":"L.V.Beethoven - The pulse of an Irishman","sizes":{}},"post":324,"source_url":"https:\/\/alfredogarcia.com\/english\/wp-content\/uploads\/sites\/5\/2015\/01\/8-L.V.Beethoven-The-pulse-of-an-Irishman-Alfredo-Garc\u00eda-bar\u00edtono-Tr\u00edo-Hermeneia.mp3","_links":{"self":[{"href":"https:\/\/alfredogarcia.com\/english\/wp-json\/wp\/v2\/media\/328"}],"collection":[{"href":"https:\/\/alfredogarcia.com\/english\/wp-json\/wp\/v2\/media"}],"about":[{"href":"https:\/\/alfredogarcia.com\/english\/wp-json\/wp\/v2\/types\/attachment"}],"author":[{"embeddable":true,"href":"https:\/\/alfredogarcia.com\/english\/wp-json\/wp\/v2\/users\/1"}],"replies":[{"embeddable":true,"href":"https:\/\/alfredogarcia.com\/english\/wp-json\/wp\/v2\/comments?post=328"}]}}

http://alfredogarcia.com/english/wp-content/uploads/sites/5/2015/01/8-L.V.Beethoven-The-pulse-of-an-Irishman-Alfredo-García-barítono-Trío-Hermeneia.mp3

<!-- This site is optimized with the Yoast SEO plugin v20.3 - https://yoast.com/wordpress/plugins/seo/ -->
<title>L.V.Beethoven - The pulse of an Irishman - Alfredo García</title>
<meta name="robots" content="index, follow, max-snippet:-1, max-image-preview:large, max-video-preview:-1" />
<link rel="canonical" href="https://alfredogarcia.com/english/wp-content/uploads/sites/5/2015/01/8-L.V.Beethoven-The-pulse-of-an-Irishman-Alfredo-García-barítono-Trío-Hermeneia.mp3" />
<meta property="og:locale" content="en_US" />
<meta property="og:type" content="article" />
<meta property="og:title" content="L.V.Beethoven - The pulse of an Irishman - Alfredo García" />
<meta property="og:description" content="https://alfredogarcia.com/english/wp-content/uploads/sites/5/2015/01/8-L.V.Beethoven-The-pulse-of-an-Irishman-Alfredo-García-barítono-Trío-Hermeneia.mp3 &#8220;L.V.Beethoven &#8211; The pulse of an Irishman&#8221; de L.V.Beethoven &#8211; The pulse of an Irishman por Alfredo García baritone and Trío Hermeneia." />
<meta property="og:url" content="https://alfredogarcia.com/english/wp-content/uploads/sites/5/2015/01/8-L.V.Beethoven-The-pulse-of-an-Irishman-Alfredo-García-barítono-Trío-Hermeneia.mp3" />
<meta property="og:site_name" content="Alfredo García" />
<meta property="article:modified_time" content="2015-08-27T13:10:03+00:00" />
<meta name="twitter:card" content="summary_large_image" />
<script type="application/ld+json" class="yoast-schema-graph">{"@context":"https://schema.org","@graph":[{"@type":"WebPage","@id":"https://alfredogarcia.com/english/wp-content/uploads/sites/5/2015/01/8-L.V.Beethoven-The-pulse-of-an-Irishman-Alfredo-García-barítono-Trío-Hermeneia.mp3","url":"https://alfredogarcia.com/english/wp-content/uploads/sites/5/2015/01/8-L.V.Beethoven-The-pulse-of-an-Irishman-Alfredo-García-barítono-Trío-Hermeneia.mp3","name":"L.V.Beethoven - The pulse of an Irishman - Alfredo García","isPartOf":{"@id":"https://alfredogarcia.com/english/#website"},"datePublished":"2015-01-05T15:32:37+00:00","dateModified":"2015-08-27T13:10:03+00:00","breadcrumb":{"@id":"https://alfredogarcia.com/english/wp-content/uploads/sites/5/2015/01/8-L.V.Beethoven-The-pulse-of-an-Irishman-Alfredo-García-barítono-Trío-Hermeneia.mp3#breadcrumb"},"inLanguage":"en-US","potentialAction":[{"@type":"ReadAction","target":["https://alfredogarcia.com/english/wp-content/uploads/sites/5/2015/01/8-L.V.Beethoven-The-pulse-of-an-Irishman-Alfredo-García-barítono-Trío-Hermeneia.mp3"]}]},{"@type":"BreadcrumbList","@id":"https://alfredogarcia.com/english/wp-content/uploads/sites/5/2015/01/8-L.V.Beethoven-The-pulse-of-an-Irishman-Alfredo-García-barítono-Trío-Hermeneia.mp3#breadcrumb","itemListElement":[{"@type":"ListItem","position":1,"name":"Portada","item":"https://alfredogarcia.com/english/"},{"@type":"ListItem","position":2,"name":"Interviews","item":"https://alfredogarcia.com/english/interviews/"},{"@type":"ListItem","position":3,"name":"L.V.Beethoven &#8211; The pulse of an Irishman"}]},{"@type":"WebSite","@id":"https://alfredogarcia.com/english/#website","url":"https://alfredogarcia.com/english/","name":"Alfredo García","description":"Barítone","potentialAction":[{"@type":"SearchAction","target":{"@type":"EntryPoint","urlTemplate":"https://alfredogarcia.com/english/?s={search_term_string}"},"query-input":"required name=search_term_string"}],"inLanguage":"en-US"}]}</script>
<!-- / Yoast SEO plugin. -->

L.V.Beethoven - The pulse of an Irishman - Alfredo García

https://alfredogarcia.com/english/wp-content/uploads/sites/5/2015/01/8-L.V.Beethoven-The-pulse-of-an-Irishman-Alfredo-García-barítono-Trío-Hermeneia.mp3

https://alfredogarcia.com/english/wp-content/uploads/sites/5/2015/01/8-L.V.Beethoven-The-pulse-of-an-Irishman-Alfredo-García-barítono-Trío-Hermeneia.mp3 &#8220;L.V.Beethoven &#8211; The pulse of an Irishman&#8221; de L.V.Beethoven &#8211; The pulse of an Irishman por Alfredo García baritone and Trío Hermeneia.

Alfredo García

https://alfredogarcia.com/english/wp-content/uploads/sites/5/2015/01/8-L.V.Beethoven-The-pulse-of-an-Irishman-Alfredo-García-barítono-Trío-Hermeneia.mp3#breadcrumb

Barítone

<audio class="wp-audio-shortcode" id="audio-328-2" preload="none" style="width: 100%;" controls="controls"><source type="audio/mpeg" src="https://alfredogarcia.com/english/wp-content/uploads/sites/5/2015/01/8-L.V.Beethoven-The-pulse-of-an-Irishman-Alfredo-García-barítono-Trío-Hermeneia.mp3?_=2" /><a href="https://alfredogarcia.com/english/wp-content/uploads/sites/5/2015/01/8-L.V.Beethoven-The-pulse-of-an-Irishman-Alfredo-García-barítono-Trío-Hermeneia.mp3">https://alfredogarcia.com/english/wp-content/uploads/sites/5/2015/01/8-L.V.Beethoven-The-pulse-of-an-Irishman-Alfredo-García-barítono-Trío-Hermeneia.mp3</a></audio>
<p>&#8220;L.V.Beethoven &#8211; The pulse of an Irishman&#8221; de L.V.Beethoven &#8211; The pulse of an Irishman por Alfredo García baritone and Trío Hermeneia.</p>

<p>https://alfredogarcia.com/english/wp-content/uploads/sites/5/2015/01/8-L.V.Beethoven-The-pulse-of-an-Irishman-Alfredo-García-barítono-Trío-Hermeneia.mp3 &#8220;L.V.Beethoven &#8211; The pulse of an Irishman&#8221; de L.V.Beethoven &#8211; The pulse of an Irishman por Alfredo García baritone and Trío Hermeneia.</p>

Alfredo García baritone and Trío Hermeneia
