{"id":209707,"date":"2018-09-24T09:49:41","date_gmt":"2018-09-24T09:49:41","guid":{"rendered":"http:\/\/alfredogarcia.com\/english\/wp-content\/uploads\/sites\/5\/2018\/05\/Alfredo-Garc\u00eda-Shooting-Agosto-6C.jpg"},"modified":"2018-09-24T09:49:41","modified_gmt":"2018-09-24T09:49:41","slug":"alfredo-garcia-shooting-agosto-6c","status":"inherit","type":"attachment","link":"https:\/\/alfredogarcia.com\/english\/blog\/tenorio-opera-by-tomas-marco-teatro-de-la-maestranza-sevilla-october-31-2018\/alfredo-garcia-shooting-agosto-6c\/","title":{"rendered":"Alfredo Garc\u00eda &#8211; Shooting Agosto (6)C"},"author":1,"comment_status":"open","ping_status":"closed","template":"","meta":{"_et_pb_use_builder":"","_et_pb_old_content":"","_et_gb_content_width":"","_mi_skip_tracking":false,"_links_to":"","_links_to_target":""},"yoast_head":"<!-- This site is optimized with the Yoast SEO plugin v20.3 - https:\/\/yoast.com\/wordpress\/plugins\/seo\/ -->\n<title>Alfredo Garc\u00eda - Shooting Agosto (6)C - Alfredo Garc\u00eda<\/title>\n<meta name=\"robots\" content=\"index, follow, max-snippet:-1, max-image-preview:large, max-video-preview:-1\" \/>\n<link rel=\"canonical\" href=\"https:\/\/alfredogarcia.com\/english\/wp-content\/uploads\/sites\/5\/2018\/05\/Alfredo-Garc\u00eda-Shooting-Agosto-6C.jpg\" \/>\n<meta property=\"og:locale\" content=\"en_US\" \/>\n<meta property=\"og:type\" content=\"article\" \/>\n<meta property=\"og:title\" content=\"Alfredo Garc\u00eda - Shooting Agosto (6)C - Alfredo Garc\u00eda\" \/>\n<meta property=\"og:url\" content=\"https:\/\/alfredogarcia.com\/english\/wp-content\/uploads\/sites\/5\/2018\/05\/Alfredo-Garc\u00eda-Shooting-Agosto-6C.jpg\" \/>\n<meta property=\"og:site_name\" content=\"Alfredo Garc\u00eda\" \/>\n<meta property=\"og:image\" content=\"https:\/\/alfredogarcia.com\/english\/wp-content\/uploads\/sites\/5\/2018\/05\/Alfredo-Garc\u00eda-Shooting-Agosto-6C.jpg\" \/>\n\t<meta property=\"og:image:width\" content=\"1573\" \/>\n\t<meta property=\"og:image:height\" content=\"1742\" \/>\n\t<meta property=\"og:image:type\" content=\"image\/jpeg\" \/>\n<meta name=\"twitter:card\" content=\"summary_large_image\" \/>\n<script type=\"application\/ld+json\" class=\"yoast-schema-graph\">{\"@context\":\"https:\/\/schema.org\",\"@graph\":[{\"@type\":\"WebPage\",\"@id\":\"https:\/\/alfredogarcia.com\/english\/wp-content\/uploads\/sites\/5\/2018\/05\/Alfredo-Garc\u00eda-Shooting-Agosto-6C.jpg\",\"url\":\"https:\/\/alfredogarcia.com\/english\/wp-content\/uploads\/sites\/5\/2018\/05\/Alfredo-Garc\u00eda-Shooting-Agosto-6C.jpg\",\"name\":\"Alfredo Garc\u00eda - Shooting Agosto (6)C - Alfredo Garc\u00eda\",\"isPartOf\":{\"@id\":\"https:\/\/alfredogarcia.com\/english\/#website\"},\"datePublished\":\"2018-09-24T09:49:41+00:00\",\"dateModified\":\"2018-09-24T09:49:41+00:00\",\"breadcrumb\":{\"@id\":\"https:\/\/alfredogarcia.com\/english\/wp-content\/uploads\/sites\/5\/2018\/05\/Alfredo-Garc\u00eda-Shooting-Agosto-6C.jpg#breadcrumb\"},\"inLanguage\":\"en-US\",\"potentialAction\":[{\"@type\":\"ReadAction\",\"target\":[\"https:\/\/alfredogarcia.com\/english\/wp-content\/uploads\/sites\/5\/2018\/05\/Alfredo-Garc\u00eda-Shooting-Agosto-6C.jpg\"]}]},{\"@type\":\"BreadcrumbList\",\"@id\":\"https:\/\/alfredogarcia.com\/english\/wp-content\/uploads\/sites\/5\/2018\/05\/Alfredo-Garc\u00eda-Shooting-Agosto-6C.jpg#breadcrumb\",\"itemListElement\":[{\"@type\":\"ListItem\",\"position\":1,\"name\":\"Portada\",\"item\":\"https:\/\/alfredogarcia.com\/english\/\"},{\"@type\":\"ListItem\",\"position\":2,\"name\":\"\u201cTenorio\u201d Opera by Tom\u00e1s Marco. Teatro de la Maestranza. Sevilla, October 31, 2018\",\"item\":\"https:\/\/alfredogarcia.com\/english\/blog\/tenorio-opera-by-tomas-marco-teatro-de-la-maestranza-sevilla-october-31-2018\/\"},{\"@type\":\"ListItem\",\"position\":3,\"name\":\"Alfredo Garc\u00eda &#8211; Shooting Agosto (6)C\"}]},{\"@type\":\"WebSite\",\"@id\":\"https:\/\/alfredogarcia.com\/english\/#website\",\"url\":\"https:\/\/alfredogarcia.com\/english\/\",\"name\":\"Alfredo Garc\u00eda\",\"description\":\"Bar\u00edtone\",\"potentialAction\":[{\"@type\":\"SearchAction\",\"target\":{\"@type\":\"EntryPoint\",\"urlTemplate\":\"https:\/\/alfredogarcia.com\/english\/?s={search_term_string}\"},\"query-input\":\"required name=search_term_string\"}],\"inLanguage\":\"en-US\"}]}<\/script>\n<!-- \/ Yoast SEO plugin. -->","yoast_head_json":{"title":"Alfredo Garc\u00eda - Shooting Agosto (6)C - Alfredo Garc\u00eda","robots":{"index":"index","follow":"follow","max-snippet":"max-snippet:-1","max-image-preview":"max-image-preview:large","max-video-preview":"max-video-preview:-1"},"canonical":"https:\/\/alfredogarcia.com\/english\/wp-content\/uploads\/sites\/5\/2018\/05\/Alfredo-Garc\u00eda-Shooting-Agosto-6C.jpg","og_locale":"en_US","og_type":"article","og_title":"Alfredo Garc\u00eda - Shooting Agosto (6)C - Alfredo Garc\u00eda","og_url":"https:\/\/alfredogarcia.com\/english\/wp-content\/uploads\/sites\/5\/2018\/05\/Alfredo-Garc\u00eda-Shooting-Agosto-6C.jpg","og_site_name":"Alfredo Garc\u00eda","og_image":[{"width":1573,"height":1742,"url":"https:\/\/alfredogarcia.com\/english\/wp-content\/uploads\/sites\/5\/2018\/05\/Alfredo-Garc\u00eda-Shooting-Agosto-6C.jpg","type":"image\/jpeg"}],"twitter_card":"summary_large_image","schema":{"@context":"https:\/\/schema.org","@graph":[{"@type":"WebPage","@id":"https:\/\/alfredogarcia.com\/english\/wp-content\/uploads\/sites\/5\/2018\/05\/Alfredo-Garc\u00eda-Shooting-Agosto-6C.jpg","url":"https:\/\/alfredogarcia.com\/english\/wp-content\/uploads\/sites\/5\/2018\/05\/Alfredo-Garc\u00eda-Shooting-Agosto-6C.jpg","name":"Alfredo Garc\u00eda - Shooting Agosto (6)C - Alfredo Garc\u00eda","isPartOf":{"@id":"https:\/\/alfredogarcia.com\/english\/#website"},"datePublished":"2018-09-24T09:49:41+00:00","dateModified":"2018-09-24T09:49:41+00:00","breadcrumb":{"@id":"https:\/\/alfredogarcia.com\/english\/wp-content\/uploads\/sites\/5\/2018\/05\/Alfredo-Garc\u00eda-Shooting-Agosto-6C.jpg#breadcrumb"},"inLanguage":"en-US","potentialAction":[{"@type":"ReadAction","target":["https:\/\/alfredogarcia.com\/english\/wp-content\/uploads\/sites\/5\/2018\/05\/Alfredo-Garc\u00eda-Shooting-Agosto-6C.jpg"]}]},{"@type":"BreadcrumbList","@id":"https:\/\/alfredogarcia.com\/english\/wp-content\/uploads\/sites\/5\/2018\/05\/Alfredo-Garc\u00eda-Shooting-Agosto-6C.jpg#breadcrumb","itemListElement":[{"@type":"ListItem","position":1,"name":"Portada","item":"https:\/\/alfredogarcia.com\/english\/"},{"@type":"ListItem","position":2,"name":"\u201cTenorio\u201d Opera by Tom\u00e1s Marco. Teatro de la Maestranza. Sevilla, October 31, 2018","item":"https:\/\/alfredogarcia.com\/english\/blog\/tenorio-opera-by-tomas-marco-teatro-de-la-maestranza-sevilla-october-31-2018\/"},{"@type":"ListItem","position":3,"name":"Alfredo Garc\u00eda &#8211; Shooting Agosto (6)C"}]},{"@type":"WebSite","@id":"https:\/\/alfredogarcia.com\/english\/#website","url":"https:\/\/alfredogarcia.com\/english\/","name":"Alfredo Garc\u00eda","description":"Bar\u00edtone","potentialAction":[{"@type":"SearchAction","target":{"@type":"EntryPoint","urlTemplate":"https:\/\/alfredogarcia.com\/english\/?s={search_term_string}"},"query-input":"required name=search_term_string"}],"inLanguage":"en-US"}]}},"description":{"rendered":"<p class=\"attachment\"><a href='https:\/\/alfredogarcia.com\/english\/wp-content\/uploads\/sites\/5\/2018\/05\/Alfredo-Garc\u00eda-Shooting-Agosto-6C.jpg'><img width=\"271\" height=\"300\" src=\"https:\/\/alfredogarcia.com\/english\/wp-content\/uploads\/sites\/5\/2018\/05\/Alfredo-Garc\u00eda-Shooting-Agosto-6C-271x300.jpg\" class=\"attachment-medium size-medium\" alt=\"\" decoding=\"async\" loading=\"lazy\" srcset=\"https:\/\/alfredogarcia.com\/english\/wp-content\/uploads\/sites\/5\/2018\/05\/Alfredo-Garc\u00eda-Shooting-Agosto-6C-271x300.jpg 271w, https:\/\/alfredogarcia.com\/english\/wp-content\/uploads\/sites\/5\/2018\/05\/Alfredo-Garc\u00eda-Shooting-Agosto-6C-768x851.jpg 768w, https:\/\/alfredogarcia.com\/english\/wp-content\/uploads\/sites\/5\/2018\/05\/Alfredo-Garc\u00eda-Shooting-Agosto-6C-925x1024.jpg 925w, https:\/\/alfredogarcia.com\/english\/wp-content\/uploads\/sites\/5\/2018\/05\/Alfredo-Garc\u00eda-Shooting-Agosto-6C-610x676.jpg 610w, https:\/\/alfredogarcia.com\/english\/wp-content\/uploads\/sites\/5\/2018\/05\/Alfredo-Garc\u00eda-Shooting-Agosto-6C-1080x1196.jpg 1080w, https:\/\/alfredogarcia.com\/english\/wp-content\/uploads\/sites\/5\/2018\/05\/Alfredo-Garc\u00eda-Shooting-Agosto-6C.jpg 1573w\" sizes=\"(max-width: 271px) 100vw, 271px\" \/><\/a><\/p>\n"},"caption":{"rendered":""},"alt_text":"","media_type":"image","mime_type":"image\/jpeg","media_details":{"width":1573,"height":1742,"file":"2018\/05\/Alfredo-Garc\u00eda-Shooting-Agosto-6C.jpg","sizes":{"thumbnail":{"file":"Alfredo-Garc\u00eda-Shooting-Agosto-6C-150x150.jpg","width":150,"height":150,"mime_type":"image\/jpeg","source_url":"https:\/\/alfredogarcia.com\/english\/wp-content\/uploads\/sites\/5\/2018\/05\/Alfredo-Garc\u00eda-Shooting-Agosto-6C-150x150.jpg"},"medium":{"file":"Alfredo-Garc\u00eda-Shooting-Agosto-6C-271x300.jpg","width":271,"height":300,"mime_type":"image\/jpeg","source_url":"https:\/\/alfredogarcia.com\/english\/wp-content\/uploads\/sites\/5\/2018\/05\/Alfredo-Garc\u00eda-Shooting-Agosto-6C-271x300.jpg"},"medium_large":{"file":"Alfredo-Garc\u00eda-Shooting-Agosto-6C-768x851.jpg","width":768,"height":851,"mime_type":"image\/jpeg","source_url":"https:\/\/alfredogarcia.com\/english\/wp-content\/uploads\/sites\/5\/2018\/05\/Alfredo-Garc\u00eda-Shooting-Agosto-6C-768x851.jpg"},"large":{"file":"Alfredo-Garc\u00eda-Shooting-Agosto-6C-925x1024.jpg","width":925,"height":1024,"mime_type":"image\/jpeg","source_url":"https:\/\/alfredogarcia.com\/english\/wp-content\/uploads\/sites\/5\/2018\/05\/Alfredo-Garc\u00eda-Shooting-Agosto-6C-925x1024.jpg"},"bloom_image":{"file":"Alfredo-Garc\u00eda-Shooting-Agosto-6C-610x676.jpg","width":610,"height":676,"mime_type":"image\/jpeg","source_url":"https:\/\/alfredogarcia.com\/english\/wp-content\/uploads\/sites\/5\/2018\/05\/Alfredo-Garc\u00eda-Shooting-Agosto-6C-610x676.jpg"},"et-pb-post-main-image":{"file":"Alfredo-Garc\u00eda-Shooting-Agosto-6C-400x250.jpg","width":400,"height":250,"mime_type":"image\/jpeg","source_url":"https:\/\/alfredogarcia.com\/english\/wp-content\/uploads\/sites\/5\/2018\/05\/Alfredo-Garc\u00eda-Shooting-Agosto-6C-400x250.jpg"},"et-pb-post-main-image-fullwidth":{"file":"Alfredo-Garc\u00eda-Shooting-Agosto-6C-1080x675.jpg","width":1080,"height":675,"mime_type":"image\/jpeg","source_url":"https:\/\/alfredogarcia.com\/english\/wp-content\/uploads\/sites\/5\/2018\/05\/Alfredo-Garc\u00eda-Shooting-Agosto-6C-1080x675.jpg"},"et-pb-portfolio-image":{"file":"Alfredo-Garc\u00eda-Shooting-Agosto-6C-400x284.jpg","width":400,"height":284,"mime_type":"image\/jpeg","source_url":"https:\/\/alfredogarcia.com\/english\/wp-content\/uploads\/sites\/5\/2018\/05\/Alfredo-Garc\u00eda-Shooting-Agosto-6C-400x284.jpg"},"et-pb-portfolio-module-image":{"file":"Alfredo-Garc\u00eda-Shooting-Agosto-6C-510x382.jpg","width":510,"height":382,"mime_type":"image\/jpeg","source_url":"https:\/\/alfredogarcia.com\/english\/wp-content\/uploads\/sites\/5\/2018\/05\/Alfredo-Garc\u00eda-Shooting-Agosto-6C-510x382.jpg"},"et-pb-portfolio-image-single":{"file":"Alfredo-Garc\u00eda-Shooting-Agosto-6C-1080x1196.jpg","width":1080,"height":1196,"mime_type":"image\/jpeg","source_url":"https:\/\/alfredogarcia.com\/english\/wp-content\/uploads\/sites\/5\/2018\/05\/Alfredo-Garc\u00eda-Shooting-Agosto-6C-1080x1196.jpg"},"et-pb-gallery-module-image-portrait":{"file":"Alfredo-Garc\u00eda-Shooting-Agosto-6C-400x516.jpg","width":400,"height":516,"mime_type":"image\/jpeg","source_url":"https:\/\/alfredogarcia.com\/english\/wp-content\/uploads\/sites\/5\/2018\/05\/Alfredo-Garc\u00eda-Shooting-Agosto-6C-400x516.jpg"},"full":{"file":"Alfredo-Garc\u00eda-Shooting-Agosto-6C.jpg","width":1573,"height":1742,"mime_type":"image\/jpeg","source_url":"https:\/\/alfredogarcia.com\/english\/wp-content\/uploads\/sites\/5\/2018\/05\/Alfredo-Garc\u00eda-Shooting-Agosto-6C.jpg"}},"image_meta":{"aperture":"1.8","credit":"","camera":"Canon EOS 6D","caption":"","created_timestamp":"1534254911","copyright":"","focal_length":"50","iso":"0","shutter_speed":"0.04","title":"","orientation":"0","keywords":[]}},"post":209679,"source_url":"https:\/\/alfredogarcia.com\/english\/wp-content\/uploads\/sites\/5\/2018\/05\/Alfredo-Garc\u00eda-Shooting-Agosto-6C.jpg","_links":{"self":[{"href":"https:\/\/alfredogarcia.com\/english\/wp-json\/wp\/v2\/media\/209707"}],"collection":[{"href":"https:\/\/alfredogarcia.com\/english\/wp-json\/wp\/v2\/media"}],"about":[{"href":"https:\/\/alfredogarcia.com\/english\/wp-json\/wp\/v2\/types\/attachment"}],"author":[{"embeddable":true,"href":"https:\/\/alfredogarcia.com\/english\/wp-json\/wp\/v2\/users\/1"}],"replies":[{"embeddable":true,"href":"https:\/\/alfredogarcia.com\/english\/wp-json\/wp\/v2\/comments?post=209707"}]}}

http://alfredogarcia.com/english/wp-content/uploads/sites/5/2018/05/Alfredo-García-Shooting-Agosto-6C.jpg

Alfredo García &#8211; Shooting Agosto (6)C

<!-- This site is optimized with the Yoast SEO plugin v20.3 - https://yoast.com/wordpress/plugins/seo/ -->
<title>Alfredo García - Shooting Agosto (6)C - Alfredo García</title>
<meta name="robots" content="index, follow, max-snippet:-1, max-image-preview:large, max-video-preview:-1" />
<link rel="canonical" href="https://alfredogarcia.com/english/wp-content/uploads/sites/5/2018/05/Alfredo-García-Shooting-Agosto-6C.jpg" />
<meta property="og:locale" content="en_US" />
<meta property="og:type" content="article" />
<meta property="og:title" content="Alfredo García - Shooting Agosto (6)C - Alfredo García" />
<meta property="og:url" content="https://alfredogarcia.com/english/wp-content/uploads/sites/5/2018/05/Alfredo-García-Shooting-Agosto-6C.jpg" />
<meta property="og:site_name" content="Alfredo García" />
<meta property="og:image" content="https://alfredogarcia.com/english/wp-content/uploads/sites/5/2018/05/Alfredo-García-Shooting-Agosto-6C.jpg" />
	<meta property="og:image:width" content="1573" />
	<meta property="og:image:height" content="1742" />
	<meta property="og:image:type" content="image/jpeg" />
<meta name="twitter:card" content="summary_large_image" />
<script type="application/ld+json" class="yoast-schema-graph">{"@context":"https://schema.org","@graph":[{"@type":"WebPage","@id":"https://alfredogarcia.com/english/wp-content/uploads/sites/5/2018/05/Alfredo-García-Shooting-Agosto-6C.jpg","url":"https://alfredogarcia.com/english/wp-content/uploads/sites/5/2018/05/Alfredo-García-Shooting-Agosto-6C.jpg","name":"Alfredo García - Shooting Agosto (6)C - Alfredo García","isPartOf":{"@id":"https://alfredogarcia.com/english/#website"},"datePublished":"2018-09-24T09:49:41+00:00","dateModified":"2018-09-24T09:49:41+00:00","breadcrumb":{"@id":"https://alfredogarcia.com/english/wp-content/uploads/sites/5/2018/05/Alfredo-García-Shooting-Agosto-6C.jpg#breadcrumb"},"inLanguage":"en-US","potentialAction":[{"@type":"ReadAction","target":["https://alfredogarcia.com/english/wp-content/uploads/sites/5/2018/05/Alfredo-García-Shooting-Agosto-6C.jpg"]}]},{"@type":"BreadcrumbList","@id":"https://alfredogarcia.com/english/wp-content/uploads/sites/5/2018/05/Alfredo-García-Shooting-Agosto-6C.jpg#breadcrumb","itemListElement":[{"@type":"ListItem","position":1,"name":"Portada","item":"https://alfredogarcia.com/english/"},{"@type":"ListItem","position":2,"name":"“Tenorio” Opera by Tomás Marco. Teatro de la Maestranza. Sevilla, October 31, 2018","item":"https://alfredogarcia.com/english/blog/tenorio-opera-by-tomas-marco-teatro-de-la-maestranza-sevilla-october-31-2018/"},{"@type":"ListItem","position":3,"name":"Alfredo García &#8211; Shooting Agosto (6)C"}]},{"@type":"WebSite","@id":"https://alfredogarcia.com/english/#website","url":"https://alfredogarcia.com/english/","name":"Alfredo García","description":"Barítone","potentialAction":[{"@type":"SearchAction","target":{"@type":"EntryPoint","urlTemplate":"https://alfredogarcia.com/english/?s={search_term_string}"},"query-input":"required name=search_term_string"}],"inLanguage":"en-US"}]}</script>
<!-- / Yoast SEO plugin. -->

Alfredo García - Shooting Agosto (6)C - Alfredo García

https://alfredogarcia.com/english/wp-content/uploads/sites/5/2018/05/Alfredo-García-Shooting-Agosto-6C.jpg

Alfredo García

https://alfredogarcia.com/english/wp-content/uploads/sites/5/2018/05/Alfredo-García-Shooting-Agosto-6C.jpg#breadcrumb

“Tenorio” Opera by Tomás Marco. Teatro de la Maestranza. Sevilla, October 31, 2018

Barítone

<p class="attachment"><a href='https://alfredogarcia.com/english/wp-content/uploads/sites/5/2018/05/Alfredo-García-Shooting-Agosto-6C.jpg'><img width="271" height="300" src="https://alfredogarcia.com/english/wp-content/uploads/sites/5/2018/05/Alfredo-García-Shooting-Agosto-6C-271x300.jpg" class="attachment-medium size-medium" alt="" decoding="async" loading="lazy" srcset="https://alfredogarcia.com/english/wp-content/uploads/sites/5/2018/05/Alfredo-García-Shooting-Agosto-6C-271x300.jpg 271w, https://alfredogarcia.com/english/wp-content/uploads/sites/5/2018/05/Alfredo-García-Shooting-Agosto-6C-768x851.jpg 768w, https://alfredogarcia.com/english/wp-content/uploads/sites/5/2018/05/Alfredo-García-Shooting-Agosto-6C-925x1024.jpg 925w, https://alfredogarcia.com/english/wp-content/uploads/sites/5/2018/05/Alfredo-García-Shooting-Agosto-6C-610x676.jpg 610w, https://alfredogarcia.com/english/wp-content/uploads/sites/5/2018/05/Alfredo-García-Shooting-Agosto-6C-1080x1196.jpg 1080w, https://alfredogarcia.com/english/wp-content/uploads/sites/5/2018/05/Alfredo-García-Shooting-Agosto-6C.jpg 1573w" sizes="(max-width: 271px) 100vw, 271px" /></a></p>

2018/05/Alfredo-García-Shooting-Agosto-6C.jpg

Alfredo-García-Shooting-Agosto-6C-150x150.jpg

https://alfredogarcia.com/english/wp-content/uploads/sites/5/2018/05/Alfredo-García-Shooting-Agosto-6C-150x150.jpg

Alfredo-García-Shooting-Agosto-6C-271x300.jpg

https://alfredogarcia.com/english/wp-content/uploads/sites/5/2018/05/Alfredo-García-Shooting-Agosto-6C-271x300.jpg

Alfredo-García-Shooting-Agosto-6C-768x851.jpg

https://alfredogarcia.com/english/wp-content/uploads/sites/5/2018/05/Alfredo-García-Shooting-Agosto-6C-768x851.jpg

Alfredo-García-Shooting-Agosto-6C-925x1024.jpg

https://alfredogarcia.com/english/wp-content/uploads/sites/5/2018/05/Alfredo-García-Shooting-Agosto-6C-925x1024.jpg

Alfredo-García-Shooting-Agosto-6C-610x676.jpg

https://alfredogarcia.com/english/wp-content/uploads/sites/5/2018/05/Alfredo-García-Shooting-Agosto-6C-610x676.jpg

Alfredo-García-Shooting-Agosto-6C-400x250.jpg

https://alfredogarcia.com/english/wp-content/uploads/sites/5/2018/05/Alfredo-García-Shooting-Agosto-6C-400x250.jpg

Alfredo-García-Shooting-Agosto-6C-1080x675.jpg

https://alfredogarcia.com/english/wp-content/uploads/sites/5/2018/05/Alfredo-García-Shooting-Agosto-6C-1080x675.jpg

Alfredo-García-Shooting-Agosto-6C-400x284.jpg

https://alfredogarcia.com/english/wp-content/uploads/sites/5/2018/05/Alfredo-García-Shooting-Agosto-6C-400x284.jpg

Alfredo-García-Shooting-Agosto-6C-510x382.jpg

https://alfredogarcia.com/english/wp-content/uploads/sites/5/2018/05/Alfredo-García-Shooting-Agosto-6C-510x382.jpg

Alfredo-García-Shooting-Agosto-6C-1080x1196.jpg

https://alfredogarcia.com/english/wp-content/uploads/sites/5/2018/05/Alfredo-García-Shooting-Agosto-6C-1080x1196.jpg

Alfredo-García-Shooting-Agosto-6C-400x516.jpg

https://alfredogarcia.com/english/wp-content/uploads/sites/5/2018/05/Alfredo-García-Shooting-Agosto-6C-400x516.jpg

Alfredo-García-Shooting-Agosto-6C.jpg
